x, r = 2*x - 5*s - 8074 + 908. Is x a composite number?
False
Is 47941 + 5/(-2)*-2 + (-21)/3 composite?
False
Is (573366/4)/((-834)/(-556)) prime?
True
Let i(v) = v**3 + 4*v**2 - 4*v - 14. Let w be i(-4). Let q be (-1888250)/(-140) - (3/w - 0). Suppose 0*c + 22*c = q. Is c a composite number?
False
Let o(s) = s**2 - 12*s + 15. Let m be o(11). Suppose 88 = m*r + 5*v, 2*v - 67 = -3*r - 2*v. Suppose -r*n = -6*n - 34793. Is n a composite number?
False
Let c be (-7)/(-70)*0*-1. Let k = 13 + 15. Suppose c = 26*d - k*d + 446. Is d a composite number?
False
Suppose -5*w = -h - 183152, -21*w + 22*w - 4*h = 36619. Is w a prime number?
False
Suppose 3*y - 169814 = -2*k, 4*k - 2*y - 96486 = 243174. Is k a prime number?
True
Let m = -5279 - -9001. Let v = m - -1707. Is v composite?
True
Let l be (125/(-10) - 4)*(-4 + 318). Let f = -2474 - l. Is f composite?
False
Let i(k) = 163*k - 2223. Is i(80) a composite number?
True
Let n(u) = 492*u**3 - 4*u**2 - 10*u - 9. Let y be n(-3). Is (-2)/(-5) + (-10)/(150/y) prime?
True
Let u(y) = 27*y**2 - 13*y - 9 + 4 + 32. Is u(13) prime?
True
Let i(b) = -b**3 - 34*b**2 + 50*b - 59. Let k = -354 + 314. Is i(k) a composite number?
False
Let n(g) = -g**3 + 4*g**2 + 3*g - 10. Let h be n(4). Suppose -5*r - 14*a + 10*a = -28981, -h*r + a = -11582. Is r composite?
True
Suppose -31*c - 39507 = -44*c. Let k = 10036 - c. Is k prime?
True
Suppose z - 228540 = -c, 40*c + 457085 = 42*c + 3*z. Is c a composite number?
True
Let v be (25060/(-49))/((-4)/14). Let d = -133 + v. Is d prime?
True
Let q = -11350 - -33579. Is q a composite number?
False
Let k(o) = 19*o**2 + 5*o - 20. Let c be k(-5). Let l = c + -193. Is l a composite number?
True
Let t = -21596 + 90033. Is t composite?
False
Let g(q) = 15*q**3 + 21*q**2 - 43*q + 35. Let k be (-8)/(-1) + -1 - -5. Is g(k) prime?
True
Let s(t) = -94*t + 15. Suppose -4 = 9*k + 59. Is s(k) prime?
True
Let b be 0*(-2 - 6/(-4)). Let j(r) = 9*r - 94 + r + 354 - 67 + 333. Is j(b) composite?
True
Suppose 918*c + 96243 = 939*c. Is c composite?
False
Let n be (-1 - 153/(-6))*108/189. Is (-405280)/(-476) - 6/n a composite number?
True
Let b(h) = 5*h**3 + h**2 + 5*h - 4. Let d(p) = -7*p**3 - 6*p + 4. Let i(z) = -5*b(z) - 4*d(z). Suppose 4 + 31 = 5*n. Is i(n) a composite number?
True
Let o = 813534 + -444145. Is o a prime number?
False
Let w = 14218 - 23751. Is (-21 + 16)*1*w prime?
False
Suppose -3*s = -5*o + 524, -3*s = -4 - 2. Suppose -3*g + o = k, -2*k + 202 = g - 0*g. Let v = 57 + k. Is v a prime number?
True
Let n(k) = 5*k**2 - 51*k + 9. Let l be n(10). Let c be 3 - (l + 3 + -3). Suppose 5*v - 3680 - 31 = -c*j, 2*v = -2. Is j a prime number?
True
Let l = 2361205 - 216218. Is l a composite number?
True
Suppose -32 = 4*l + 4*z, l - 2*z + 7 - 8 = 0. Is (-189 - (4 - 2))*l prime?
False
Let k = 10 - 5. Suppose -k*h = -12 - 13. Is 8/(24/9) - -143*h a composite number?
True
Let o = -106 - -106. Is o - 9/(-6)*652/6 a composite number?
False
Suppose -o - 44*f + 45*f = -3518, -5*f = 3*o - 10602. Suppose -5*s = 2*y - 23493, -y - 5*s + 15452 = 3713. Suppose -o + y = 5*a. Is a composite?
True
Suppose 0 = 3*b - 9, x - 5*b + 10*b = 20. Let t(m) = -6877*m + 14200*m - 16 - 7110*m. Is t(x) composite?
False
Suppose 34 = -3*h + 10, 0 = 2*u + 4*h - 515382. Is u prime?
True
Suppose 15*u = 21*u + 29*u - 2560565. Is u prime?
False
Let z = 450 + -379. Suppose -51112 = -79*t + z*t. Is t a composite number?
False
Suppose 0 = 301*a - 313*a + 51204. Is a prime?
False
Let o = -178 - -1083. Let y = 1462 - o. Is y composite?
False
Suppose -3*j - 51*b + 183871 = -52*b, j = -4*b + 61299. Is j composite?
False
Suppose 4*a - 16 = 0, 2*a + 40797 + 402808 = 3*s. Is s prime?
False
Let z be (-3 + 16)/(12 + -11). Suppose 20*x - 7063 = z*x. Is x a prime number?
True
Let b(r) = 833*r + 2. Let l be b(3). Let m = l - 494. Suppose 5*t = 4*y - m, -2*t + 2511 = 5*y - 6*t. Is y a composite number?
False
Let u(k) = -68*k**2 + 2*k - 15. Let g(w) = -203*w**2 + 5*w - 44. Let y = -25 - -36. Let m(d) = y*u(d) - 4*g(d). Is m(4) prime?
False
Let l(v) = -v + 3. Let f be l(3). Suppose m = 5*q + 14, f*q + 2*q - 4 = -2*m. Suppose -m*k = -k - 498. Is k composite?
True
Let h(a) = 5*a**2 + 3*a**2 - 6 - 13*a - 2*a**2 + 2. Let y(d) = -7*d + 1. Let j be y(-2). Is h(j) a prime number?
True
Let r = -133 - -141. Suppose 4*m + 12 - r = 0, 2*i + 4*m - 2338 = 0. Is i a composite number?
False
Let v be 4/(-2) + (11 - 110359)/(-7). Suppose 8*s - 14*s + v = 0. Is s prime?
False
Let o be ((-1)/(-2))/(1/398). Suppose -3*k = -4*k + l + 39, 3*l + o = 5*k. Suppose -k = -2*w + 317. Is w a composite number?
False
Let m = 3560 - 7638. Is -2*m/(-8)*-2 prime?
True
Let d(b) = -b**3 + 9*b**2 + 10*b - 2. Let l be d(10). Let f(m) = 10*m + 24. Let v be f(l). Is v + 8 + -3 + -2 a composite number?
False
Let t = -1029 - -1. Suppose 3*p + 2*y = 5765, 23*p - 19*p + 2*y - 7688 = 0. Let g = t + p. Is g prime?
False
Is 1336/(-12)*(-1269)/2 - 2 prime?
True
Let n(x) = -3*x - 41. Let i be n(-14). Let a be i - -2 - (15 - (3 - 0)). Let t(k) = 6*k**2 - 4*k - 1. Is t(a) a composite number?
False
Let a(t) = 786*t**2 - 13*t - 39. Let i be a(-5). Suppose -7431 + i = 5*f. Is f prime?
False
Suppose 5*l + 2*k = 37, 3*l - 17 + 2 = -3*k. Suppose -2401 + 412 = -l*c. Is c a composite number?
True
Let r = 26913 + 7432. Is r a composite number?
True
Let c(f) = 12*f + 306. Let d be c(-24). Is ((-45483)/d)/(9/(-54)) prime?
True
Let z be 130/15*(3 - -3)/1. Suppose 0 = -5*y - 0*y - i + 4577, 3*y + 4*i - 2753 = 0. Let m = y + z. Is m composite?
False
Let q = 20 - 25. Let t be (-75819)/(-15) + (-2)/q. Suppose -t = -z - 2*z - 5*c, -c = 0. Is z composite?
True
Let w(k) = -4991*k**2 + 14*k - 17. Let c(v) = -7487*v**2 + 21*v - 25. Let o(f) = -5*c(f) + 7*w(f). Is o(1) a composite number?
True
Suppose -10148176 = -5108*c + 5092*c. Is c a prime number?
True
Let u be ((-583233)/(-63)*(-4 - -1))/(-1). Suppose 19141 + u = 6*x. Is x prime?
False
Suppose -25*m + 9 = 59. Is m + 5594 + 1 - (17 + -21) a composite number?
True
Suppose -12*d = -9*d - 24. Suppose d*p - 18394 = 20750. Suppose -p = -20*a + 13*a. Is a a prime number?
False
Let w be (148359/21 - 0) + (-6)/(-21). Suppose 2*y + w = -13*b + 14*b, -5*b + y + 35343 = 0. Is b prime?
True
Let n(g) = -51*g**3 - 7*g**2 - 33*g - 12. Let a(k) = 2*k**2 + k - 2. Let c(f) = 6*a(f) + n(f). Is c(-7) prime?
True
Let f = -14 - -20. Suppose p - i - 6 = 0, 2*i - 6*i + f = p. Suppose 4062 - 11964 = -p*x. Is x a composite number?
True
Let o(i) = 91564*i**2 - 136*i - 269. Is o(-2) a prime number?
True
Let w(d) = -d**3 + 7*d**2 - 5*d - 5. Let b be w(6). Let z(a) = 3*a + 2. Let c be z(b). Suppose 6*f - u = f + 1605, -c*u + 963 = 3*f. Is f prime?
False
Let q(y) = y**2 + y + 6. Let s be q(-2). Let i be 1 + -3 + (s - -1). Let a(k) = 50*k + 21. Is a(i) prime?
False
Suppose 56*m - 148800 = 71*m. Let a = -429 - m. Is a a prime number?
True
Let s = 658348 + 1439245. Is s a composite number?
False
Is (-2591307)/(-21) - 500/(-350) a composite number?
False
Is 2256368/(-32)*((-10)/(-25) - (-24)/(-10)) composite?
False
Suppose -639145 + 89249 = -4*y - 4*b, y = -3*b + 137468. Is y a prime number?
True
Let d be (-400)/(-150)*9/2. Suppose d*i = -9*i + 1365105. Is i a composite number?
True
Let j(v) = -v**3 - 34*v**2 + 101*v - 65. Is j(-49) composite?
True
Let m be (-40)/48 + (-39621)/18. Let d = -1120 - m. Is d composite?
True
Suppose -4*t = 87 - 7. Is 9/(-15) - 298052/t a composite number?
True
Let r be (-1887)/12 - 7/(-28). Let w = r + 816. Is w a composite number?
False
Suppose 6*q + 211 = 205. Is 521 - (q + 2 + -2) - 1 composite?
False
Let x = 1032036 + -458789. Is x a prime number?
True
Let p(m) = 2*m**2 - 8 - 4*m**3 - 17*m + 21 - 31*m. Is p(-12) a prime number?
True
Suppose 3338076 = 75*b - 3452949. Is b a composite number?
False
Suppose t - 2 = 0, -5*t = 5*n - 0*t - 20. Suppose 16 = n*m + 10. Suppose -3*w = -m*l - 2334, 1149 = 5*w + 4*l - 2768. Is w prime?
False
Let r(s) be the third derivative of 0 + 27/40*s**6 + 1/8*s**4 + 0*s**5 - 11*s**2 + 0*s + 1/6*s**3. Is r(2) a prime number?
False
Let g be ((-2)/(-4))/((-2)/28). Let r(z) = -23*z**2 + 33*z - 26. Let h(w) = -22*w**2 + 29*w - 24. Let m(l) = -9*h(l) + 8*r(l). Is m(g) composite?
False
Suppose 0 = -8*w - 144 + 2768. Let z = 849 - w. Is z a composite num